der when t is divided by 24.
21
What is the remainder when 78 is divided by 6/(-9*(-2)/48)?
14
Let u = -26 + 61. Suppose 5*h - u = 3*h - 5*f, -3*f = 2*h - 33. Calculate the remainder when 44 is divided by h.
14
Let q(l) = 2*l**2 + 17*l - 3. Suppose -2*z - 4*h + 28 + 6 = 0, -5*h = 10. What is the remainder when q(-12) is divided by z?
18
Let l(s) = -s**3 + 4*s**2 - 2*s - 1. Let f be l(3). Suppose 0 = -2*y + 5*o + 30, 5*y - f*o - 48 = -3*o. What is the remainder when y is divided by 4?
2
Let y = -1 - -4. Suppose -2*j - 21 = -y*j. Suppose 8*l = 10*l - 22. What is the remainder when j is divided by l?
10
Suppose 0 = v + v - 6. Suppose 0 = v*r + 15, -5*t + 3*r + 28 = -4*t. Let p = 48 + -25. What is the remainder when p is divided by t?
10
Let f = -11 + 13. Suppose 12 = f*c + 2*k - 20, 4*c - 3*k - 29 = 0. What is the remainder when 42 is divided by c?
9
Suppose 0 = 5*d + 2 - 67. Let t(w) = -13*w - 3. Calculate the remainder when t(-4) is divided by d.
10
What is the remainder when ((-12)/(-2))/(5/((-150)/(-4))) is divided by -2 - (0 - 1) - -13?
9
Let c(j) = j**2 - 3*j + 3. Let q be c(3). Let u(t) = t - 3 + q + 0. What is the remainder when u(10) is divided by 6?
4
Suppose -t + 63 = z - 0*t, -96 = -2*z + 4*t. Let g(o) = o + 6. Let s(q) = -q**2 - q + 6. Let l be s(0). Calculate the remainder when z is divided by g(l).
10
Let a = -32 - -42. Let l be 21/(-4) - 1/(-4). Calculate the remainder when -1 + l/(a/(-16)) is divided by 3.
1
Suppose -2*m = -6, -3*m - 10 = 2*g - 215. What is the remainder when g is divided by 20?
18
Let a(q) = -5*q + 30. Let p(u) = -u - 1. Let w(n) = a(n) - 4*p(n). What is the remainder when w(0) is divided by 9?
7
Let b(w) = w - 1. Let y be b(5). Suppose -y*d + 96 = -4*x, -42 = 2*x + 5*d - d. Let n = x - -40. What is the remainder when n is divided by 6?
5
Suppose -3*q = 12*q - 3195. What is the remainder when q is divided by 54?
51
Suppose 57 - 12 = 5*q. Let a(r) = r**3 + 5*r**2 - 4*r - 5. What is the remainder when a(-5) is divided by q?
6
Suppose -h + 4*w = -14, w + 16 = 5*h - w. Suppose -33 = -3*d - h*j, -d + 22 = 5*j - 2. What is the remainder when d is divided by -4*(-1 + (-3)/12)?
4
Let g = -13 - -15. Calculate the remainder when 45 is divided by (-42)/(-3) - (g + 0).
9
Suppose -5*f + 10 = -0*f. Suppose 15 = 3*s + f*s. Suppose -2*i = 3*u - 124 + 23, -s*u - 4*i = -109. Calculate the remainder when u is divided by 11.
9
Suppose 5*i + 19 = 4*i - 5*g, -4 = 2*g. Let n = 21 + i. Let y = -20 + 55. Calculate the remainder when y is divided by n.
11
Let q(a) = -4*a**2 + 2. Let r be q(-2). Let p = 48 + r. Suppose -5*w + 2*w + 34 = -5*k, 4*k = -4*w + 88. Calculate the remainder when p is divided by w.
16
Suppose 4*q - 28 = -2*y, 5*y - 3*y - 19 = 5*q. Calculate the remainder when 34 is divided by y.
10
Let t = 88 + -52. What is the remainder when 142 is divided by t?
34
Let c(q) be the first derivative of 2*q**2 - q - 2. Let w be c(1). Calculate the remainder when 1/w - (-136)/6 is divided by 8.
7
What is the remainder when (-26)/(-65) + (-318)/(-5) is divided by 5?
4
Suppose -2*o + 7*o = l, 0 = -3*l - 2*o. Suppose 0 = -l*d + 5*d - 80. What is the remainder when 45 is divided by d?
13
Let z = 47 + 83. What is the remainder when z is divided by 33?
31
Let v = -8 + -3. Let q = 26 - v. What is the remainder when q is divided by 13?
11
Let w(a) = -a**3 - 7*a**2 - 7*a - 3. Let r = -3 + -3. Let t be w(r). Suppose -1 = -v + t. Calculate the remainder when 7 is divided by v.
3
Let p(g) = 9*g**2 + 6*g + 11. Calculate the remainder when p(-4) is divided by 27.
23
Let n = -31 + 54. Suppose -3*u + 24 = m + 11, 5*m + 5*u - 65 = 0. Calculate the remainder when n is divided by m.
10
Let c be 13 + (1 - 2/1). Let i = c + -2. Calculate the remainder when 27 is divided by i.
7
Suppose 4*g - 4*p = 6*g - 10, -4*p = 0. Suppose -g*z + 341 = 141. Let b = z - 26. Calculate the remainder when b is divided by 8.
6
Calculate the remainder when 29 is divided by (-3)/5 + 126/10.
5
Let v(i) = -i**3 + 3*i**2 + 2. Let o be v(3). Suppose -o*b + 34 = -b. Calculate the remainder when b is divided by 12.
10
Let v = -9 + 13. Suppose 28 = v*d + 2*n, 0*n = -4*n + 8. What is the remainder when 33 is divided by d?
3
Let u = 4 + -1. Let r = 0 + u. Calculate the remainder when 31 is divided by 99/r*1/3.
9
Let t(c) = 8*c - 8. What is the remainder when t(3) is divided by 6?
4
Let d be (-3)/(-15) + 68/10. Suppose 3*a - d = 23. Let r = -29 - -58. What is the remainder when r is divided by a?
9
Let w be 2/(-8) - 2/(-8). Suppose 2*j + w*j = 24. Let d = 64 - 31. Calculate the remainder when d is divided by j.
9
Suppose 0 = -3*u - 4*v + 112, -4*u + 5*v + 113 = -2*u. What is the remainder when u is divided by 5?
4
Let p(s) = s**2 + s. What is the remainder when p(5) is divided by (-1)/(-2 + 4)*-22?
8
Let i = -11 + -23. Let q(v) = 46*v**3 - 2*v**2 - v. Let d be q(-1). Let b = i - d. Calculate the remainder when 36 is divided by b.
10
Suppose 0 = -5*s - 2*a + 71, -2 = -a - 4. Calculate the remainder when s is divided by 6.
3
Let j = 107 + -62. Calculate the remainder when 177 is divided by j.
42
Let q = -11 - -18. Calculate the remainder when ((-6)/(-4))/(6/52) is divided by q.
6
Let w(v) = -v**2 - 8*v. Suppose 0 = -x - 2*x - 21. Let d be w(x). Suppose -5*g + d = -3. What is the remainder when 4 is divided by g?
0
Suppose 2*d - 4*d = -66. Calculate the remainder when d is divided by 12.
9
Let z(y) = 12*y**2 - 11*y + 21. Calculate the remainder when 139 is divided by z(2).
45
Suppose -10*a + 734 = 254. Calculate the remainder when 286 is divided by a.
46
Suppose -p - 2*p = 5*f + 10, 0 = 5*p - 2*f - 4. Suppose -5*b = 2*y - 90, 3*b + 4*y = -p*b + 54. What is the remainder when 53 is divided by b?
17
Let l(t) = -t + 1. Suppose 7*v + 30 = 2*v. What is the remainder when 11 is divided by l(v)?
4
Suppose r = 7*r - 78. Let q(z) = z + 5. Calculate the remainder when r is divided by q(0).
3
Let g be 2 - ((0 - 0) + 2). Suppose 2*d = 5*d + k - 15, g = -5*d - 5*k + 25. What is the remainder when d is divided by 2?
1
Suppose -3*f = -9*f + 204. What is the remainder when 65 is divided by f?
31
Suppose -3*r + 75 = -0*r. Let n = 234 - 225. Calculate the remainder when r is divided by n.
7
Suppose -5*q + 0*m = 3*m - 1, -2*q = 2*m - 2. Let f(n) = -12*n + 1. Calculate the remainder when 37 is divided by f(q).
11
Suppose 5*m + 0*m = 20. Suppose -3*r = 7*y - 2*y - 35, 0 = -y + r + 15. Calculate the remainder when y is divided by m.
2
Suppose 0 = -3*n - n + 44. What is the remainder when n is divided by 4?
3
Let p = 0 + 28. Let f = 1 + 3. Suppose -10 = -2*w - 2*u, w + 50 = f*w - 4*u. Calculate the remainder when p is divided by w.
8
Suppose 2*w - 6 = 0, 2*w - 1 = -2*b + 3*b. Let g(a) = a**3 + 11*a**2 - a - 4. Let t be g(-11). Suppose y - t = -b. What is the remainder when 3 is divided by y?
1
Calculate the remainder when 34 is divided by (-28)/(-6)*(-126)/(-49).
10
Suppose 0 = -5*h + 9*h - 264. What is the remainder when h is divided by 23?
20
Suppose 2 - 7 = -5*z, -4*c - z = -21. Suppose 157 = c*x - 28. Calculate the remainder when x is divided by 10.
7
Suppose 0 = 3*h + g + 2*g - 123, -5*h = g - 205. What is the remainder when 118 is divided by h?
36
Let w(c) = c + 18. Calculate the remainder when 16 is divided by w(-14).
0
Let u(q) = q**3 + 30*q**2 - 10*q - 61. What is the remainder when u(-30) is divided by 40?
39
Calculate the remainder when 37 is divided by 60/(3 + 0) - 0.
17
Let c(r) = 51*r - 1. Calculate the remainder when c(6) is divided by 77.
74
Let d(o) = -o + 2 - 3*o + 3*o + 2*o. What is the remainder when d(4) is divided by 2?
0
Suppose 2*z - 16 = -2*z + 4*b, 0 = 2*b - 2. Suppose z*w - 58 = 2*k, -w + 2*k = 3*w - 48. Let n = 17 + w. Calculate the remainder when n is divided by 14.
13
Let y = 5 - -58. What is the remainder when 248 is divided by y?
59
Suppose 4*f = 3*b - f - 22, 5*b = -3*f + 14. Suppose 3*q + 3 = 21. What is the remainder when q is divided by b?
2
Suppose -4*v - 2 = -3*s - 5*v, -4*s + 4*v = -24. Let m be (s/3)/((-6)/(-9)). What is the remainder when 25 + -1 + (2 - m) is divided by 13?
12
What is the remainder when 153 + (1 - (-10)/(-5)) is divided by 39?
35
Suppose -2*c - 4*w - 2 = 4, -5*w = 15. Suppose c*y - 32 = -y. Let p(m) = 5*m**3 + m**2 - m. What is the remainder when y 